{"id":224,"date":"2023-01-21T12:58:05","date_gmt":"2023-01-21T15:58:05","guid":{"rendered":"https:\/\/lilianmenenguci.com.br\/?post_type=product&#038;p=224"},"modified":"2025-01-03T10:55:46","modified_gmt":"2025-01-03T13:55:46","slug":"educacao-educacao-especial-inclusao-e-arte","status":"publish","type":"product","link":"https:\/\/lilianmenenguci.com.br\/index.php\/produto\/educacao-educacao-especial-inclusao-e-arte\/","title":{"rendered":"Educa\u00e7\u00e3o, inclus\u00e3o e arte"},"content":{"rendered":"<p><span style=\"font-weight: 400;\">Para uma escola que se pretende inclusiva se faz necess\u00e1rio investir numa educa\u00e7\u00e3o que se (re)construa como inclusiva. Nesse caso, essa educa\u00e7\u00e3o precisa acontecer em todos os tecidos da sociedade e n\u00e3o exclusivamente na escola. Mas, como tornar esse movimento poss\u00edvel? A atua\u00e7\u00e3o em rede, a partir do pensamento complexo de Edgar Morin, e enredado pela Arte, como campo de produ\u00e7\u00e3o de conhecimentos, \u00e9 uma das possibilidades. Nesse livro, encontramos esse convite e, ao mesmo tempo, conhecemos o resultado desse desafio.<\/span><\/p>\n<p><strong>Ficha t\u00e9cnica<\/strong><\/p>\n<ul>\n<li><span style=\"font-weight: 400;\">Texto: Lilian Menenguci<\/span><\/li>\n<li><span style=\"font-weight: 400;\">Capa: Gustavo Machado e Lilian Menenguci<\/span><\/li>\n<li><span style=\"font-weight: 400;\">Formato: 21cm X 14,5cm<\/span><\/li>\n<li><span style=\"font-weight: 400;\">P\u00e1ginas: 353<\/span><\/li>\n<li><span style=\"font-weight: 400;\">Ano: 2013<\/span><\/li>\n<li><span style=\"font-weight: 400;\">Editora: Appris<\/span><\/li>\n<li><span style=\"font-weight: 400;\">ISBN: 978-85-8192-163-1<\/span><\/li>\n<\/ul>\n","protected":false},"excerpt":{"rendered":"<p><span style=\"font-weight: 400;\">Para uma escola que se pretende inclusiva se faz necess\u00e1rio investir numa educa\u00e7\u00e3o que se (re)construa como inclusiva. Nesse caso, essa educa\u00e7\u00e3o precisa acontecer em todos os tecidos da sociedade e n\u00e3o exclusivamente na escola.<\/span><\/p>\n","protected":false},"featured_media":225,"comment_status":"open","ping_status":"closed","template":"","meta":[],"product_cat":[24],"product_tag":[],"class_list":{"0":"post-224","1":"product","2":"type-product","3":"status-publish","4":"has-post-thumbnail","6":"product_cat-educacao","8":"first","9":"instock","10":"shipping-taxable","11":"purchasable","12":"product-type-simple"},"jetpack_sharing_enabled":true,"_links":{"self":[{"href":"https:\/\/lilianmenenguci.com.br\/index.php\/wp-json\/wp\/v2\/product\/224","targetHints":{"allow":["GET"]}}],"collection":[{"href":"https:\/\/lilianmenenguci.com.br\/index.php\/wp-json\/wp\/v2\/product"}],"about":[{"href":"https:\/\/lilianmenenguci.com.br\/index.php\/wp-json\/wp\/v2\/types\/product"}],"replies":[{"embeddable":true,"href":"https:\/\/lilianmenenguci.com.br\/index.php\/wp-json\/wp\/v2\/comments?post=224"}],"wp:featuredmedia":[{"embeddable":true,"href":"https:\/\/lilianmenenguci.com.br\/index.php\/wp-json\/wp\/v2\/media\/225"}],"wp:attachment":[{"href":"https:\/\/lilianmenenguci.com.br\/index.php\/wp-json\/wp\/v2\/media?parent=224"}],"wp:term":[{"taxonomy":"product_cat","embeddable":true,"href":"https:\/\/lilianmenenguci.com.br\/index.php\/wp-json\/wp\/v2\/product_cat?post=224"},{"taxonomy":"product_tag","embeddable":true,"href":"https:\/\/lilianmenenguci.com.br\/index.php\/wp-json\/wp\/v2\/product_tag?post=224"}],"curies":[{"name":"wp","href":"https:\/\/api.w.org\/{rel}","templated":true}]}}

Educação, inclusão e arte

<p><span style="font-weight: 400;">Para uma escola que se pretende inclusiva se faz necessário investir numa educação que se (re)construa como inclusiva. Nesse caso, essa educação precisa acontecer em todos os tecidos da sociedade e não exclusivamente na escola. Mas, como tornar esse movimento possível? A atuação em rede, a partir do pensamento complexo de Edgar Morin, e enredado pela Arte, como campo de produção de conhecimentos, é uma das possibilidades. Nesse livro, encontramos esse convite e, ao mesmo tempo, conhecemos o resultado desse desafio.</span></p>
<p><strong>Ficha técnica</strong></p>
<ul>
<li><span style="font-weight: 400;">Texto: Lilian Menenguci</span></li>
<li><span style="font-weight: 400;">Capa: Gustavo Machado e Lilian Menenguci</span></li>
<li><span style="font-weight: 400;">Formato: 21cm X 14,5cm</span></li>
<li><span style="font-weight: 400;">Páginas: 353</span></li>
<li><span style="font-weight: 400;">Ano: 2013</span></li>
<li><span style="font-weight: 400;">Editora: Appris</span></li>
<li><span style="font-weight: 400;">ISBN: 978-85-8192-163-1</span></li>
</ul>

<p><span style="font-weight: 400;">Para uma escola que se pretende inclusiva se faz necessário investir numa educação que se (re)construa como inclusiva. Nesse caso, essa educação precisa acontecer em todos os tecidos da sociedade e não exclusivamente na escola.</span></p>
