{"id":222,"date":"2023-01-21T12:56:56","date_gmt":"2023-01-21T15:56:56","guid":{"rendered":"https:\/\/lilianmenenguci.com.br\/?post_type=product&#038;p=222"},"modified":"2023-11-09T21:21:43","modified_gmt":"2023-11-10T00:21:43","slug":"memorias-de-alfabetizacao","status":"publish","type":"product","link":"https:\/\/lilianmenenguci.com.br\/index.php\/produto\/memorias-de-alfabetizacao\/","title":{"rendered":"Mem\u00f3rias de Alfabetiza\u00e7\u00e3o"},"content":{"rendered":"<p><span style=\"font-weight: 400;\">Como voc\u00ea aprendeu a ler e a escrever? Essa \u00e9 uma das quest\u00f5es\u00a0 rememoradas nesse livro que re\u00fane 60 narrativas produzidas por estudantes do Curso de Pedagogia acerca das suas mem\u00f3rias de alfabetiza\u00e7\u00e3o. S\u00e3o hist\u00f3rias breves e longas, marcadas pelos mais diferentes sentidos e sentimentos. Em comum elas t\u00eam a capacidade de provocar suas lembran\u00e7as relacionadas \u00e0s primeiras experi\u00eancias na condi\u00e7\u00e3o de leitores e produtores de textos. Uma esp\u00e9cie de hist\u00f3ria da alfabetiza\u00e7\u00e3o contada pelas crian\u00e7as que fomos e que valem ser revisitadas pelas professoras e professores que pretendemos ser.<\/span><\/p>\n<p><strong>Ficha t\u00e9cnica<\/strong><\/p>\n<ul>\n<li><span style=\"font-weight: 400;\">Organiza\u00e7\u00e3o: Lilian Menenguci<\/span><\/li>\n<li><span style=\"font-weight: 400;\">Capa: Fernanda Bellumat<\/span><\/li>\n<li><span style=\"font-weight: 400;\">Formato: 21cm X 15cm<\/span><\/li>\n<li><span style=\"font-weight: 400;\">P\u00e1ginas: 124<\/span><\/li>\n<li><span style=\"font-weight: 400;\">Ano: 2015<\/span><\/li>\n<li><span style=\"font-weight: 400;\">Editora: Pedregulho<\/span><\/li>\n<li><span style=\"font-weight: 400;\">ISBN: 978-85-67678-16-0<\/span><\/li>\n<\/ul>\n","protected":false},"excerpt":{"rendered":"<p><span style=\"font-weight: 400;\">Como voc\u00ea aprendeu a ler e a escrever? Essa \u00e9 uma das quest\u00f5es\u00a0 rememoradas nesse livro que re\u00fane 60 narrativas produzidas por estudantes do Curso de Pedagogia acerca das suas mem\u00f3rias de alfabetiza\u00e7\u00e3o.<\/span><\/p>\n","protected":false},"featured_media":223,"comment_status":"open","ping_status":"closed","template":"","meta":[],"product_cat":[24],"product_tag":[],"class_list":{"0":"post-222","1":"product","2":"type-product","3":"status-publish","4":"has-post-thumbnail","6":"product_cat-educacao","8":"first","9":"instock","10":"shipping-taxable","11":"purchasable","12":"product-type-simple"},"jetpack_sharing_enabled":true,"_links":{"self":[{"href":"https:\/\/lilianmenenguci.com.br\/index.php\/wp-json\/wp\/v2\/product\/222","targetHints":{"allow":["GET"]}}],"collection":[{"href":"https:\/\/lilianmenenguci.com.br\/index.php\/wp-json\/wp\/v2\/product"}],"about":[{"href":"https:\/\/lilianmenenguci.com.br\/index.php\/wp-json\/wp\/v2\/types\/product"}],"replies":[{"embeddable":true,"href":"https:\/\/lilianmenenguci.com.br\/index.php\/wp-json\/wp\/v2\/comments?post=222"}],"wp:featuredmedia":[{"embeddable":true,"href":"https:\/\/lilianmenenguci.com.br\/index.php\/wp-json\/wp\/v2\/media\/223"}],"wp:attachment":[{"href":"https:\/\/lilianmenenguci.com.br\/index.php\/wp-json\/wp\/v2\/media?parent=222"}],"wp:term":[{"taxonomy":"product_cat","embeddable":true,"href":"https:\/\/lilianmenenguci.com.br\/index.php\/wp-json\/wp\/v2\/product_cat?post=222"},{"taxonomy":"product_tag","embeddable":true,"href":"https:\/\/lilianmenenguci.com.br\/index.php\/wp-json\/wp\/v2\/product_tag?post=222"}],"curies":[{"name":"wp","href":"https:\/\/api.w.org\/{rel}","templated":true}]}}

Memórias de Alfabetização

<p><span style="font-weight: 400;">Como você aprendeu a ler e a escrever? Essa é uma das questões  rememoradas nesse livro que reúne 60 narrativas produzidas por estudantes do Curso de Pedagogia acerca das suas memórias de alfabetização. São histórias breves e longas, marcadas pelos mais diferentes sentidos e sentimentos. Em comum elas têm a capacidade de provocar suas lembranças relacionadas às primeiras experiências na condição de leitores e produtores de textos. Uma espécie de história da alfabetização contada pelas crianças que fomos e que valem ser revisitadas pelas professoras e professores que pretendemos ser.</span></p>
<p><strong>Ficha técnica</strong></p>
<ul>
<li><span style="font-weight: 400;">Organização: Lilian Menenguci</span></li>
<li><span style="font-weight: 400;">Capa: Fernanda Bellumat</span></li>
<li><span style="font-weight: 400;">Formato: 21cm X 15cm</span></li>
<li><span style="font-weight: 400;">Páginas: 124</span></li>
<li><span style="font-weight: 400;">Ano: 2015</span></li>
<li><span style="font-weight: 400;">Editora: Pedregulho</span></li>
<li><span style="font-weight: 400;">ISBN: 978-85-67678-16-0</span></li>
</ul>

<p><span style="font-weight: 400;">Como você aprendeu a ler e a escrever? Essa é uma das questões  rememoradas nesse livro que reúne 60 narrativas produzidas por estudantes do Curso de Pedagogia acerca das suas memórias de alfabetização.</span></p>
