{"id":220,"date":"2023-01-21T12:50:41","date_gmt":"2023-01-21T15:50:41","guid":{"rendered":"https:\/\/lilianmenenguci.com.br\/?post_type=product&#038;p=220"},"modified":"2025-01-03T10:51:37","modified_gmt":"2025-01-03T13:51:37","slug":"grao","status":"publish","type":"product","link":"https:\/\/lilianmenenguci.com.br\/index.php\/produto\/grao\/","title":{"rendered":"Poesia em Gr\u00e3o"},"content":{"rendered":"<p>Pequenos que nos comp\u00f5em como inteiros. Com a sensibilidade de entender o valor do abra\u00e7o apertado at\u00e9 as miudezas de nossos pensamentos mais profundos, a obra se apresenta como um convite ao sil\u00eancio e \u00e0s vozes das palavras. Com 73 poemas, o livro que temos pela frente \u00e9 feito de amor, mas tamb\u00e9m de desejo, de aus\u00eancias, de tempo, verdades, figuras de linguagem e pequenas estripulias textuais. \u00c9, de fato, como o gr\u00e3o do poema que d\u00e1 nome ao livro: inteiro, em peda\u00e7os.<\/p>\n<p><b>Ficha t\u00e9cnica<\/b><\/p>\n<ul>\n<li>Texto: Lilian Menenguci<\/li>\n<li>Capa: Max de Souza<\/li>\n<li>Formato: 21cm X 14cm<\/li>\n<li>P\u00e1ginas: 88<\/li>\n<li>Ano: 2020<\/li>\n<li>Editora: Mar\u00e9<\/li>\n<li>ISBN: 978-65-80582-15-0<\/li>\n<\/ul>\n","protected":false},"excerpt":{"rendered":"<p>Com a sensibilidade de entender o valor do abra\u00e7o apertado at\u00e9 as miudezas de nossos pensamentos mais profundos, a obra se apresenta como um convite ao sil\u00eancio e \u00e0s vozes das palavras. Com 73 poemas, o livro que temos pela frente \u00e9 feito de amor, mas tamb\u00e9m de desejo, e muito mais.<\/p>\n","protected":false},"featured_media":221,"comment_status":"open","ping_status":"closed","template":"","meta":[],"product_cat":[23],"product_tag":[],"class_list":{"0":"post-220","1":"product","2":"type-product","3":"status-publish","4":"has-post-thumbnail","6":"product_cat-poemas","8":"first","9":"instock","10":"shipping-taxable","11":"purchasable","12":"product-type-simple"},"jetpack_sharing_enabled":true,"_links":{"self":[{"href":"https:\/\/lilianmenenguci.com.br\/index.php\/wp-json\/wp\/v2\/product\/220","targetHints":{"allow":["GET"]}}],"collection":[{"href":"https:\/\/lilianmenenguci.com.br\/index.php\/wp-json\/wp\/v2\/product"}],"about":[{"href":"https:\/\/lilianmenenguci.com.br\/index.php\/wp-json\/wp\/v2\/types\/product"}],"replies":[{"embeddable":true,"href":"https:\/\/lilianmenenguci.com.br\/index.php\/wp-json\/wp\/v2\/comments?post=220"}],"wp:featuredmedia":[{"embeddable":true,"href":"https:\/\/lilianmenenguci.com.br\/index.php\/wp-json\/wp\/v2\/media\/221"}],"wp:attachment":[{"href":"https:\/\/lilianmenenguci.com.br\/index.php\/wp-json\/wp\/v2\/media?parent=220"}],"wp:term":[{"taxonomy":"product_cat","embeddable":true,"href":"https:\/\/lilianmenenguci.com.br\/index.php\/wp-json\/wp\/v2\/product_cat?post=220"},{"taxonomy":"product_tag","embeddable":true,"href":"https:\/\/lilianmenenguci.com.br\/index.php\/wp-json\/wp\/v2\/product_tag?post=220"}],"curies":[{"name":"wp","href":"https:\/\/api.w.org\/{rel}","templated":true}]}}