{"id":218,"date":"2023-01-21T12:49:57","date_gmt":"2023-01-21T15:49:57","guid":{"rendered":"https:\/\/lilianmenenguci.com.br\/?post_type=product&#038;p=218"},"modified":"2025-01-03T10:51:03","modified_gmt":"2025-01-03T13:51:03","slug":"palarvas-de-borboletras","status":"publish","type":"product","link":"https:\/\/lilianmenenguci.com.br\/index.php\/produto\/palarvas-de-borboletras\/","title":{"rendered":"Palarvas de Borboletras"},"content":{"rendered":"<p>, composto de 52 poemas, \u00e9 um complexo agridoce recheado de ambival\u00eancias que se complementam. Textos que tratam do particular universal, individual e m\u00faltiplo, de cada um dos nossos dias, noites e seus intervalos. Suas p\u00e1ginas-asas farfalham mem\u00f3rias, hist\u00f3rias e travesssias que contam das metamorfoses humanas.<\/p>\n","protected":false},"excerpt":{"rendered":"<p>A palarva \u00e9 a larva; a ideia, borboletra; a cabe\u00e7a, o casulo de onde saem voos poss\u00edveis. O livro, composto de 52 poemas, \u00e9 um complexo agridoce recheado de ambival\u00eancias que se complementam. Textos que tratam do particular universal, individual e m\u00faltiplo, de cada um dos nossos dias, noites e seus intervalos. Suas p\u00e1ginas-asas farfalham mem\u00f3rias, hist\u00f3rias e travesssias que contam das metamorfoses humanas. Poemas que provocam pousos e voos.<br \/>\nFicha t\u00e9cnica<\/p>\n<ul>\n<li>Texto: Lilian Menenguci<\/li>\n<li>Capa: G\u00ea Vianna<\/li>\n<li>Formato: 21cm X 15cm<\/li>\n<li>P\u00e1ginas: 80<\/li>\n<li>Ano: 2012<\/li>\n<li>Editora: Cousa<\/li>\n<li>ISBN: 978-85-63746-13-9<\/li>\n<\/ul>\n","protected":false},"featured_media":219,"comment_status":"open","ping_status":"closed","template":"","meta":[],"product_cat":[23],"product_tag":[],"class_list":{"0":"post-218","1":"product","2":"type-product","3":"status-publish","4":"has-post-thumbnail","6":"product_cat-poemas","8":"first","9":"instock","10":"shipping-taxable","11":"purchasable","12":"product-type-simple"},"jetpack_sharing_enabled":true,"_links":{"self":[{"href":"https:\/\/lilianmenenguci.com.br\/index.php\/wp-json\/wp\/v2\/product\/218","targetHints":{"allow":["GET"]}}],"collection":[{"href":"https:\/\/lilianmenenguci.com.br\/index.php\/wp-json\/wp\/v2\/product"}],"about":[{"href":"https:\/\/lilianmenenguci.com.br\/index.php\/wp-json\/wp\/v2\/types\/product"}],"replies":[{"embeddable":true,"href":"https:\/\/lilianmenenguci.com.br\/index.php\/wp-json\/wp\/v2\/comments?post=218"}],"wp:featuredmedia":[{"embeddable":true,"href":"https:\/\/lilianmenenguci.com.br\/index.php\/wp-json\/wp\/v2\/media\/219"}],"wp:attachment":[{"href":"https:\/\/lilianmenenguci.com.br\/index.php\/wp-json\/wp\/v2\/media?parent=218"}],"wp:term":[{"taxonomy":"product_cat","embeddable":true,"href":"https:\/\/lilianmenenguci.com.br\/index.php\/wp-json\/wp\/v2\/product_cat?post=218"},{"taxonomy":"product_tag","embeddable":true,"href":"https:\/\/lilianmenenguci.com.br\/index.php\/wp-json\/wp\/v2\/product_tag?post=218"}],"curies":[{"name":"wp","href":"https:\/\/api.w.org\/{rel}","templated":true}]}}

<p>, composto de 52 poemas, é um complexo agridoce recheado de ambivalências que se complementam. Textos que tratam do particular universal, individual e múltiplo, de cada um dos nossos dias, noites e seus intervalos. Suas páginas-asas farfalham memórias, histórias e travesssias que contam das metamorfoses humanas.</p>

<p>A palarva é a larva; a ideia, borboletra; a cabeça, o casulo de onde saem voos possíveis. O livro, composto de 52 poemas, é um complexo agridoce recheado de ambivalências que se complementam. Textos que tratam do particular universal, individual e múltiplo, de cada um dos nossos dias, noites e seus intervalos. Suas páginas-asas farfalham memórias, histórias e travesssias que contam das metamorfoses humanas. Poemas que provocam pousos e voos.<br />
Ficha técnica</p>
<ul>
<li>Texto: Lilian Menenguci</li>
<li>Capa: Gê Vianna</li>
<li>Formato: 21cm X 15cm</li>
<li>Páginas: 80</li>
<li>Ano: 2012</li>
<li>Editora: Cousa</li>
<li>ISBN: 978-85-63746-13-9</li>
</ul>
