{"id":210,"date":"2023-01-21T12:38:02","date_gmt":"2023-01-21T15:38:02","guid":{"rendered":"https:\/\/lilianmenenguci.com.br\/?post_type=product&#038;p=210"},"modified":"2026-01-12T14:30:25","modified_gmt":"2026-01-12T17:30:25","slug":"os-medos-de-lili","status":"publish","type":"product","link":"https:\/\/lilianmenenguci.com.br\/index.php\/produto\/os-medos-de-lili\/","title":{"rendered":"Os Medos de Lili"},"content":{"rendered":"<p>Uma menina que tem medo da chuva, de trov\u00f5es, de raios, rel\u00e2mpagos e do escuro. Essa \u00e9 a hist\u00f3ria da Lili. Uma crian\u00e7a pequena que, sempre que sente medo, se treme toda. O medo que Lili sente, faz uma formiga pequenininha virar elefante. A av\u00f3 Maria \u00e9 uma esp\u00e9cie de porto seguro no qual Lili se sente protegida. Por isso, n\u00e3o larga a beira da saia da av\u00f3. Mas, ser\u00e1 que Lili vai ficar ali, agarradinha nas pernas da dona Maria para sempre?<\/p>\n<p><b>Ficha t\u00e9cnica<\/b><\/p>\n<ul>\n<li>Texto: Lilian Menenguci<\/li>\n<li>Capa e Ilustra\u00e7\u00f5es: G\u00ea Viana e L\u00edgia Yamaguti<\/li>\n<li>Formato: 29,5cm X 21cm<\/li>\n<li>P\u00e1ginas: 24<\/li>\n<li>Ano: 2012<\/li>\n<li>Editora: Cousa<\/li>\n<li>ISBN: 978-85-63746-25-2<\/li>\n<\/ul>\n","protected":false},"excerpt":{"rendered":"<p>Uma menina que tem medo da chuva, de trov\u00f5es, de raios, rel\u00e2mpagos e do escuro. O medo que Lili sente, faz uma formiga pequenininha virar elefante. A av\u00f3 Maria \u00e9 um porto seguro para Lili se sentir protegida. Ser\u00e1 que Lili agarradinha nas pernas da dona Maria para sempre?<\/p>\n","protected":false},"featured_media":211,"comment_status":"open","ping_status":"closed","template":"","meta":[],"product_cat":[28],"product_tag":[],"class_list":{"0":"post-210","1":"product","2":"type-product","3":"status-publish","4":"has-post-thumbnail","6":"product_cat-infanto-juvenil","8":"first","9":"instock","10":"shipping-taxable","11":"purchasable","12":"product-type-simple"},"jetpack_sharing_enabled":true,"_links":{"self":[{"href":"https:\/\/lilianmenenguci.com.br\/index.php\/wp-json\/wp\/v2\/product\/210","targetHints":{"allow":["GET"]}}],"collection":[{"href":"https:\/\/lilianmenenguci.com.br\/index.php\/wp-json\/wp\/v2\/product"}],"about":[{"href":"https:\/\/lilianmenenguci.com.br\/index.php\/wp-json\/wp\/v2\/types\/product"}],"replies":[{"embeddable":true,"href":"https:\/\/lilianmenenguci.com.br\/index.php\/wp-json\/wp\/v2\/comments?post=210"}],"wp:featuredmedia":[{"embeddable":true,"href":"https:\/\/lilianmenenguci.com.br\/index.php\/wp-json\/wp\/v2\/media\/211"}],"wp:attachment":[{"href":"https:\/\/lilianmenenguci.com.br\/index.php\/wp-json\/wp\/v2\/media?parent=210"}],"wp:term":[{"taxonomy":"product_cat","embeddable":true,"href":"https:\/\/lilianmenenguci.com.br\/index.php\/wp-json\/wp\/v2\/product_cat?post=210"},{"taxonomy":"product_tag","embeddable":true,"href":"https:\/\/lilianmenenguci.com.br\/index.php\/wp-json\/wp\/v2\/product_tag?post=210"}],"curies":[{"name":"wp","href":"https:\/\/api.w.org\/{rel}","templated":true}]}}

<p>Uma menina que tem medo da chuva, de trovões, de raios, relâmpagos e do escuro. Essa é a história da Lili. Uma criança pequena que, sempre que sente medo, se treme toda. O medo que Lili sente, faz uma formiga pequenininha virar elefante. A avó Maria é uma espécie de porto seguro no qual Lili se sente protegida. Por isso, não larga a beira da saia da avó. Mas, será que Lili vai ficar ali, agarradinha nas pernas da dona Maria para sempre?</p>
<p><b>Ficha técnica</b></p>
<ul>
<li>Texto: Lilian Menenguci</li>
<li>Capa e Ilustrações: Gê Viana e Lígia Yamaguti</li>
<li>Formato: 29,5cm X 21cm</li>
<li>Páginas: 24</li>
<li>Ano: 2012</li>
<li>Editora: Cousa</li>
<li>ISBN: 978-85-63746-25-2</li>
</ul>

<p>Uma menina que tem medo da chuva, de trovões, de raios, relâmpagos e do escuro. O medo que Lili sente, faz uma formiga pequenininha virar elefante. A avó Maria é um porto seguro para Lili se sentir protegida. Será que Lili agarradinha nas pernas da dona Maria para sempre?</p>
