{"id":1065,"date":"2025-01-03T11:02:46","date_gmt":"2025-01-03T14:02:46","guid":{"rendered":"https:\/\/lilianmenenguci.com.br\/?post_type=product&#038;p=1065"},"modified":"2026-01-12T14:41:29","modified_gmt":"2026-01-12T17:41:29","slug":"a-gente-as-vezes-e-assim","status":"publish","type":"product","link":"https:\/\/lilianmenenguci.com.br\/index.php\/produto\/a-gente-as-vezes-e-assim\/","title":{"rendered":"A gente, \u00e0s vezes, \u00e9 assim!"},"content":{"rendered":"<p>Narrativa po\u00e9tica que prop\u00f5e um olhar sens\u00edvel acerca da forma como n\u00f3s, humanos, nos comportamos diante da vida e dos seus fen\u00f4menos. Uma volta reflexiva sobre a maneira como vamos lidando com as nossas (in)satisfa\u00e7\u00f5es e alimentando as nossas buscas dentro de uma multiplicidade de produ\u00e7\u00e3o de sentidos. Uma obra sobre os quereres, de gente pequena e grande tamb\u00e9m.<\/p>\n<p><strong>Ficha t\u00e9cnica<\/strong><\/p>\n<ul>\n<li>Texto: Lilian Menenguci<\/li>\n<li>Ilustra\u00e7\u00f5es: Lu Bicalho<\/li>\n<li>Formato: 21cm X 21cm<\/li>\n<li>P\u00e1ginas: 32<\/li>\n<li>Ano: 2023<\/li>\n<li>Editora: Mar\u00e9<\/li>\n<li>ISBN: 978-65-86358-65-0<\/li>\n<\/ul>\n","protected":false},"excerpt":{"rendered":"<p>Narrativa po\u00e9tica que prop\u00f5e um olhar sens\u00edvel acerca da forma como n\u00f3s, humanos, nos comportamos diante da vida e dos seus fen\u00f4menos. Uma volta reflexiva sobre a maneira como vamos lidando com as nossas (in)satisfa\u00e7\u00f5es e alimentando as nossas buscas dentro de uma multiplicidade de produ\u00e7\u00e3o de sentidos.<\/p>\n","protected":false},"featured_media":1067,"comment_status":"open","ping_status":"closed","template":"","meta":[],"product_cat":[28],"product_tag":[],"class_list":{"0":"post-1065","1":"product","2":"type-product","3":"status-publish","4":"has-post-thumbnail","6":"product_cat-infanto-juvenil","8":"first","9":"instock","10":"shipping-taxable","11":"purchasable","12":"product-type-simple"},"jetpack_sharing_enabled":true,"_links":{"self":[{"href":"https:\/\/lilianmenenguci.com.br\/index.php\/wp-json\/wp\/v2\/product\/1065","targetHints":{"allow":["GET"]}}],"collection":[{"href":"https:\/\/lilianmenenguci.com.br\/index.php\/wp-json\/wp\/v2\/product"}],"about":[{"href":"https:\/\/lilianmenenguci.com.br\/index.php\/wp-json\/wp\/v2\/types\/product"}],"replies":[{"embeddable":true,"href":"https:\/\/lilianmenenguci.com.br\/index.php\/wp-json\/wp\/v2\/comments?post=1065"}],"wp:featuredmedia":[{"embeddable":true,"href":"https:\/\/lilianmenenguci.com.br\/index.php\/wp-json\/wp\/v2\/media\/1067"}],"wp:attachment":[{"href":"https:\/\/lilianmenenguci.com.br\/index.php\/wp-json\/wp\/v2\/media?parent=1065"}],"wp:term":[{"taxonomy":"product_cat","embeddable":true,"href":"https:\/\/lilianmenenguci.com.br\/index.php\/wp-json\/wp\/v2\/product_cat?post=1065"},{"taxonomy":"product_tag","embeddable":true,"href":"https:\/\/lilianmenenguci.com.br\/index.php\/wp-json\/wp\/v2\/product_tag?post=1065"}],"curies":[{"name":"wp","href":"https:\/\/api.w.org\/{rel}","templated":true}]}}

A gente, às vezes, é assim!

<p>Narrativa poética que propõe um olhar sensível acerca da forma como nós, humanos, nos comportamos diante da vida e dos seus fenômenos. Uma volta reflexiva sobre a maneira como vamos lidando com as nossas (in)satisfações e alimentando as nossas buscas dentro de uma multiplicidade de produção de sentidos. Uma obra sobre os quereres, de gente pequena e grande também.</p>
<p><strong>Ficha técnica</strong></p>
<ul>
<li>Texto: Lilian Menenguci</li>
<li>Ilustrações: Lu Bicalho</li>
<li>Formato: 21cm X 21cm</li>
<li>Páginas: 32</li>
<li>Ano: 2023</li>
<li>Editora: Maré</li>
<li>ISBN: 978-65-86358-65-0</li>
</ul>

<p>Narrativa poética que propõe um olhar sensível acerca da forma como nós, humanos, nos comportamos diante da vida e dos seus fenômenos. Uma volta reflexiva sobre a maneira como vamos lidando com as nossas (in)satisfações e alimentando as nossas buscas dentro de uma multiplicidade de produção de sentidos.</p>
