{"id":1063,"date":"2025-01-03T11:00:31","date_gmt":"2025-01-03T14:00:31","guid":{"rendered":"https:\/\/lilianmenenguci.com.br\/?post_type=product&#038;p=1063"},"modified":"2025-01-03T11:31:39","modified_gmt":"2025-01-03T14:31:39","slug":"a-pequena-maquina-de-escrever","status":"publish","type":"product","link":"https:\/\/lilianmenenguci.com.br\/index.php\/produto\/a-pequena-maquina-de-escrever\/","title":{"rendered":"A pequena m\u00e1quina de escrever"},"content":{"rendered":"<p>A vida \u00e9 um fio de amor que costura a mem\u00f3ria com o futuro. Esta \u00e9 uma obra po\u00e9tica sobre o desfiar do tempo e a tessitura do sonho. Uma trama sobre n\u00f3s, de pontos altos e baixos, entremeados de saudades e esperan\u00e7as, que bordamos a exist\u00eancia. Um di\u00e1logo, com o que foi e o que pode vir a ser, marcado de afeto e delicadeza. A narrativa, textual e imag\u00e9tica, \u00e9 um convite \u00e0 artesania da cria\u00e7\u00e3o. Provoca o desejo de voltar para onde nascem e moram as hist\u00f3rias. P\u00e1ginas abertas estendidas para embrulhar o seu cora\u00e7\u00e3o.<\/p>\n<p><strong>Ficha t\u00e9cnica<\/strong><\/p>\n<ul>\n<li>Texto: Lilian Menenguci<\/li>\n<li>Ilustra\u00e7\u00f5es: Ana Laura Alvarenga<\/li>\n<li>Formato: 27,5cm X 20,5cm<\/li>\n<li>P\u00e1ginas: 48<\/li>\n<li>Ano: 2024<\/li>\n<li>Editora: Mar\u00e9<\/li>\n<li>ISBN: 978-65-86358-64-3<\/li>\n<\/ul>\n","protected":false},"excerpt":{"rendered":"<p>A vida \u00e9 um fio de amor que costura a mem\u00f3ria com o futuro. Esta \u00e9 uma obra po\u00e9tica sobre o desfiar do tempo e a tessitura do sonho. Uma trama sobre n\u00f3s, de pontos altos e baixos, entremeados de saudades e esperan\u00e7as, que bordamos a exist\u00eancia.<\/p>\n","protected":false},"featured_media":1069,"comment_status":"open","ping_status":"closed","template":"","meta":[],"product_cat":[28],"product_tag":[],"class_list":{"0":"post-1063","1":"product","2":"type-product","3":"status-publish","4":"has-post-thumbnail","6":"product_cat-infanto-juvenil","8":"first","9":"instock","10":"shipping-taxable","11":"purchasable","12":"product-type-simple"},"jetpack_sharing_enabled":true,"_links":{"self":[{"href":"https:\/\/lilianmenenguci.com.br\/index.php\/wp-json\/wp\/v2\/product\/1063","targetHints":{"allow":["GET"]}}],"collection":[{"href":"https:\/\/lilianmenenguci.com.br\/index.php\/wp-json\/wp\/v2\/product"}],"about":[{"href":"https:\/\/lilianmenenguci.com.br\/index.php\/wp-json\/wp\/v2\/types\/product"}],"replies":[{"embeddable":true,"href":"https:\/\/lilianmenenguci.com.br\/index.php\/wp-json\/wp\/v2\/comments?post=1063"}],"wp:featuredmedia":[{"embeddable":true,"href":"https:\/\/lilianmenenguci.com.br\/index.php\/wp-json\/wp\/v2\/media\/1069"}],"wp:attachment":[{"href":"https:\/\/lilianmenenguci.com.br\/index.php\/wp-json\/wp\/v2\/media?parent=1063"}],"wp:term":[{"taxonomy":"product_cat","embeddable":true,"href":"https:\/\/lilianmenenguci.com.br\/index.php\/wp-json\/wp\/v2\/product_cat?post=1063"},{"taxonomy":"product_tag","embeddable":true,"href":"https:\/\/lilianmenenguci.com.br\/index.php\/wp-json\/wp\/v2\/product_tag?post=1063"}],"curies":[{"name":"wp","href":"https:\/\/api.w.org\/{rel}","templated":true}]}}

A pequena máquina de escrever

<p>A vida é um fio de amor que costura a memória com o futuro. Esta é uma obra poética sobre o desfiar do tempo e a tessitura do sonho. Uma trama sobre nós, de pontos altos e baixos, entremeados de saudades e esperanças, que bordamos a existência. Um diálogo, com o que foi e o que pode vir a ser, marcado de afeto e delicadeza. A narrativa, textual e imagética, é um convite à artesania da criação. Provoca o desejo de voltar para onde nascem e moram as histórias. Páginas abertas estendidas para embrulhar o seu coração.</p>
<p><strong>Ficha técnica</strong></p>
<ul>
<li>Texto: Lilian Menenguci</li>
<li>Ilustrações: Ana Laura Alvarenga</li>
<li>Formato: 27,5cm X 20,5cm</li>
<li>Páginas: 48</li>
<li>Ano: 2024</li>
<li>Editora: Maré</li>
<li>ISBN: 978-65-86358-64-3</li>
</ul>

<p>A vida é um fio de amor que costura a memória com o futuro. Esta é uma obra poética sobre o desfiar do tempo e a tessitura do sonho. Uma trama sobre nós, de pontos altos e baixos, entremeados de saudades e esperanças, que bordamos a existência.</p>
